{"id":44,"date":"2020-01-21T10:24:48","date_gmt":"2020-01-21T10:24:48","guid":{"rendered":"http:\/\/www.sukt.fi\/?page_id=44"},"modified":"2022-04-06T19:43:49","modified_gmt":"2022-04-06T19:43:49","slug":"suomen-urheilun-ja-kulttuurin-tukijat-oy","status":"publish","type":"page","link":"http:\/\/www.sukt.fi\/","title":{"rendered":"Suomen urheilun ja kulttuurin tukijat Oy"},"content":{"rendered":"\n<p>Suomen urheilun ja kultuurin tukijat Oy:n tavoitteena on  edesauttaa yrityksi\u00e4 ja yhdistyksi\u00e4 menestym\u00e4\u00e4n digitalisaation antamien mahdollisuuksien avulla.<\/p>\n\n\n\n<p>Yhteisty\u00f6n lis\u00e4\u00e4minen yritysten ja yhteis\u00f6jen v\u00e4lill\u00e4 mahdollistaa mahdollisimman monen ihmisen liikkumisen ja kulttuuritoiminnan. Pyrimme avustamaan j\u00e4rjest\u00f6j\u00e4, ryhmi\u00e4 ja henkil\u00f6it\u00e4 kasvattamaan yhteisty\u00f6t\u00e4 yritysten kanssa niin ett\u00e4 kummatkin osapuolet hy\u00f6tyv\u00e4t yhteisty\u00f6st\u00e4.<\/p>\n\n\n\n<p>Yhteisty\u00f6kumppaneita voidaan hakea tavoitteiden saavuttamiseen niin kilpailu- kuin harrastustoiminnassa tai ammatilliseen toimintaan t\u00e4hd\u00e4tess\u00e4. <br>Yhteisty\u00f6kumppaneiden avulla tuki voi olla taloudellista tai voimme avustaa markkinoinnissa, kehitystoiminnassa, sek\u00e4 muissa kehityskohteissa.<br><\/p>\n\n\n\n<p>Suomen urheilun ja kulttuurin tukijat Oy hakee aktiivisesti yhteisty\u00f6kumppaneita niin yritt\u00e4ji\u00e4 kuin tukea tarvitsevia yhteis\u00f6j\u00e4 ja henkil\u00f6it\u00e4. <\/p>\n\n\n\n<p>Luomme mahdollisuuksia kannattavalle yhteisty\u00f6toiminnalle ja entist\u00e4 suuremmalle n\u00e4kyvyydelle somessa. <\/p>\n\n\n\n<p>Tuotamme kustannustehokkaita somevideoita. Tutustu videotuotantoihin:  <a href=\"http:\/\/www.sukt.fi\/?page_id=1089\">Markkinointivideot<\/a><\/p>\n\n\n\n<figure class=\"wp-block-embed is-type-video is-provider-youtube wp-block-embed-youtube wp-embed-aspect-16-9 wp-has-aspect-ratio\"><div class=\"wp-block-embed__wrapper\">\n<iframe loading=\"lazy\" title=\"Pelit vai harrastus\" width=\"525\" height=\"295\" src=\"https:\/\/www.youtube.com\/embed\/zT27h3csfys?feature=oembed\" frameborder=\"0\" allow=\"accelerometer; autoplay; clipboard-write; encrypted-media; gyroscope; picture-in-picture; web-share\" referrerpolicy=\"strict-origin-when-cross-origin\" allowfullscreen><\/iframe>\n<\/div><\/figure>\n\n\n\n<p><\/p>\n\n\n\n<p><br><\/p>\n","protected":false},"excerpt":{"rendered":"<p>Suomen urheilun ja kultuurin tukijat Oy:n tavoitteena on edesauttaa yrityksi\u00e4 ja yhdistyksi\u00e4 menestym\u00e4\u00e4n digitalisaation antamien mahdollisuuksien avulla. Yhteisty\u00f6n lis\u00e4\u00e4minen yritysten ja yhteis\u00f6jen v\u00e4lill\u00e4 mahdollistaa mahdollisimman monen ihmisen liikkumisen ja kulttuuritoiminnan. Pyrimme avustamaan j\u00e4rjest\u00f6j\u00e4, ryhmi\u00e4 ja henkil\u00f6it\u00e4 kasvattamaan yhteisty\u00f6t\u00e4 yritysten kanssa niin ett\u00e4 kummatkin osapuolet hy\u00f6tyv\u00e4t yhteisty\u00f6st\u00e4. Yhteisty\u00f6kumppaneita voidaan hakea tavoitteiden saavuttamiseen niin kilpailu- kuin harrastustoiminnassa &hellip; <\/p>\n<p class=\"link-more\"><a href=\"http:\/\/www.sukt.fi\/\" class=\"more-link\">Jatka lukemista<span class=\"screen-reader-text\"> &#8221;Suomen urheilun ja kulttuurin tukijat Oy&#8221;<\/span><\/a><\/p>\n","protected":false},"author":1,"featured_media":0,"parent":0,"menu_order":0,"comment_status":"closed","ping_status":"closed","template":"","meta":{"spay_email":""},"jetpack_sharing_enabled":true,"_links":{"self":[{"href":"http:\/\/www.sukt.fi\/index.php?rest_route=\/wp\/v2\/pages\/44"}],"collection":[{"href":"http:\/\/www.sukt.fi\/index.php?rest_route=\/wp\/v2\/pages"}],"about":[{"href":"http:\/\/www.sukt.fi\/index.php?rest_route=\/wp\/v2\/types\/page"}],"author":[{"embeddable":true,"href":"http:\/\/www.sukt.fi\/index.php?rest_route=\/wp\/v2\/users\/1"}],"replies":[{"embeddable":true,"href":"http:\/\/www.sukt.fi\/index.php?rest_route=%2Fwp%2Fv2%2Fcomments&post=44"}],"version-history":[{"count":8,"href":"http:\/\/www.sukt.fi\/index.php?rest_route=\/wp\/v2\/pages\/44\/revisions"}],"predecessor-version":[{"id":1275,"href":"http:\/\/www.sukt.fi\/index.php?rest_route=\/wp\/v2\/pages\/44\/revisions\/1275"}],"wp:attachment":[{"href":"http:\/\/www.sukt.fi\/index.php?rest_route=%2Fwp%2Fv2%2Fmedia&parent=44"}],"curies":[{"name":"wp","href":"https:\/\/api.w.org\/{rel}","templated":true}]}}